he greatest common factor of 290 and 232.
58
Calculate the greatest common divisor of 96 and 441832.
8
What is the highest common factor of 299 and 782483?
299
Calculate the greatest common divisor of 16 and 2578896.
16
Calculate the highest common factor of 684 and 2679.
57
What is the greatest common divisor of 440 and 200332?
44
What is the greatest common factor of 90642 and 6?
6
What is the greatest common factor of 8895 and 13639?
593
What is the highest common factor of 5786 and 1969?
11
What is the highest common factor of 465 and 37575?
15
Calculate the greatest common divisor of 98 and 20874.
98
Calculate the highest common factor of 133 and 47462.
19
Calculate the greatest common divisor of 2112 and 28677.
33
Calculate the highest common factor of 2176 and 104176.
272
Calculate the highest common divisor of 28510 and 60.
10
What is the greatest common factor of 1044 and 4254300?
1044
Calculate the highest common factor of 55 and 9493.
11
Calculate the highest common divisor of 153008 and 224.
16
Calculate the greatest common divisor of 1472 and 3296.
32
Calculate the highest common divisor of 39479 and 1746.
97
Calculate the highest common divisor of 37 and 3737.
37
Calculate the greatest common factor of 1288 and 133.
7
Calculate the highest common factor of 144 and 438462.
18
Calculate the greatest common factor of 408 and 78000.
24
What is the highest common divisor of 11084 and 10642?
34
Calculate the greatest common divisor of 6321 and 97653.
129
What is the greatest common divisor of 81200 and 410?
10
Calculate the highest common factor of 575 and 1256467.
23
What is the highest common factor of 70 and 137620?
70
What is the greatest common divisor of 244729 and 329?
47
Calculate the greatest common divisor of 383 and 313.
1
Calculate the greatest common factor of 23541 and 18753.
399
Calculate the highest common divisor of 6240 and 172848.
624
Calculate the greatest common divisor of 68484 and 33384.
156
What is the highest common factor of 1107336 and 111?
111
Calculate the greatest common factor of 62951 and 119.
119
Calculate the highest common divisor of 116821 and 48033.
593
What is the highest common factor of 218512 and 532?
28
Calculate the greatest common divisor of 1658895 and 2205.
735
Calculate the highest common divisor of 123656 and 949.
13
Calculate the highest common divisor of 2510 and 145.
5
What is the highest common divisor of 616 and 41558?
22
What is the highest common divisor of 576 and 16944?
48
What is the highest common divisor of 38259 and 936?
117
Calculate the highest common divisor of 80 and 35660.
20
Calculate the highest common divisor of 96 and 4934752.
32
What is the highest common factor of 23716 and 3619?
77
Calculate the highest common factor of 553271 and 835.
167
What is the highest common divisor of 291 and 2637527?
97
What is the highest common divisor of 16798 and 74?
74
Calculate the highest common divisor of 63205 and 215.
5
Calculate the highest common divisor of 2464 and 5456.
176
What is the highest common factor of 6813 and 17712?
9
What is the highest common factor of 168541 and 1?
1
What is the greatest common divisor of 154 and 11044?
22
What is the greatest common divisor of 9806 and 69?
1
What is the highest common divisor of 312 and 16887?
39
Calculate the greatest common divisor of 250478 and 2226.
106
What is the greatest common factor of 11627 and 2416?
151
Calculate the greatest common divisor of 20280 and 52.
52
Calculate the highest common factor of 22 and 893684.
22
Calculate the highest common divisor of 70 and 47936.
14
What is the highest common divisor of 65 and 201071?
13
Calculate the highest common factor of 86992 and 112.
16
Calculate the highest common divisor of 912628 and 68.
68
Calculate the greatest common factor of 5859 and 69657.
651
What is the greatest common divisor of 792 and 4222152?
792
What is the greatest common factor of 79886 and 8801?
677
Calculate the greatest common divisor of 365508 and 1430.
286
Calculate the greatest common divisor of 1280 and 70.
10
Calculate the greatest common divisor of 180720 and 450.
90
What is the greatest common factor of 176 and 1078?
22
What is the highest common divisor of 112808 and 4602?
118
Calculate the greatest common divisor of 107934 and 48.
6
What is the greatest common factor of 2 and 4899?
1
What is the greatest common factor of 16587 and 1653?
57
Calculate the highest common divisor of 302202 and 1304.
326
What is the highest common factor of 36 and 1280892?
12
What is the highest common factor of 408345 and 105?
105
What is the greatest common divisor of 1729 and 37107?
133
What is the greatest common divisor of 9595 and 3515?
95
Calculate the greatest common factor of 54 and 112356.
18
What is the highest common factor of 12549 and 8319?
141
Calculate the highest common divisor of 23606 and 39072.
814
Calculate the highest common factor of 502965 and 45.
45
Calculate the highest common factor of 16960 and 257368.
424
What is the greatest common factor of 36746 and 31911?
967
What is the highest common factor of 5888 and 2438?
46
Calculate the greatest common divisor of 19988 and 608.
76
Calculate the highest common factor of 2911 and 26909.
71
What is the highest common divisor of 2 and 87120?
2
Calculate the greatest common factor of 662651 and 11.
11
What is the greatest common factor of 47674 and 1182?
394
What is the greatest common divisor of 31 and 397451?
31
Calculate the greatest common factor of 8500 and 4284.
68
Calculate the greatest common factor of 98 and 92071.
49
What is the highest common divisor of 697290 and 30?
30
Calculate the highest common factor of 48689 and 724.
181
Calculate the highest common factor of 6167964 and 132.
132
Calculate the greatest common divisor of 2195160 and 8.
8
Calculate the highest common factor of 1980 and 8820.
180
What is the greatest common divisor of 349356 and 1008?
84
Calculate the highest common factor of 16926 and 2101242.
2418
Calculate the greatest common factor of 70 and 270214.
14
Calculate the highest common factor of 71612 and 96.
4
What is the greatest common factor of 136817 and 47?
47
Calculate the greatest common divisor of 12997 and 533.
41
Calculate the greatest common factor of 7409 and 1519.
31
Calculate the greatest common factor of 490 and 1005725.
245
What is the greatest common factor of 2750 and 1000?
250
What is the greatest common factor of 224 and 193424?
112
Calculate the greatest common factor of 675 and 10485.
45
What is the greatest common divisor of 28536 and 61944?
696
What is the highest common divisor of 4430 and 130?
10
Calculate the greatest common factor of 3 and 4977.
3
Calculate the greatest common divisor of 171133 and 38.
19
Calculate the greatest common divisor of 595973 and 266.
133
Calculate the highest common factor of 768 and 6040.
8
What is the highest common factor of 27 and 56214?
27
What is the greatest common factor of 3059 and 646093?
161
What is the highest common factor of 5597 and 87?
29
What is the highest common divisor of 4416 and 1344?
192
Calculate the highest common divisor of 21014 and 6384.
266
What is the highest common factor of 96 and 39768?
24
Calculate the highest common divisor of 1197 and 15183.
63
What is the highest common divisor of 36634 and 1664?
26
Calculate the greatest common factor of 799 and 85.
17
What is the greatest common factor of 3024 and 1204?
28
What is the highest common divisor of 5733 and 196?
49
Calculate the greatest common factor of 6 and 910614.
6
What is the highest common divisor of 44 and 136708?
44
Calculate the highest common factor of 275151 and 123.
123
Calculate the greatest common divisor of 3154 and 310669.
1577
What is the highest common divisor of 227739 and 2?
1
Calculate the greatest common divisor of 11240 and 3020.
20
What is the greatest common factor of 1668 and 1023318?
834
What is the greatest common factor of 29627 and 26129?
53
What is the highest common divisor of 135 and 76785?
15
What is the greatest common divisor of 108760 and 80?
40
What is the highest common divisor of 2556 and 166708?
284
What is the greatest common factor of 899 and 6975?
31
What is the highest common factor of 1113519 and 246?
123
What is the highes